alculate the greatest common factor of m and a.
27
Suppose 969 - 141 = 4*v. Suppose 0 = 3*d - p - 2*p - v, -4*p = -d + 54. What is the greatest common factor of d and 185?
37
Let d = -1776 + 1832. What is the greatest common divisor of d and 504?
56
Suppose -2*w + 3 = -3*t - 0*t, w = 5*t - 2. Let n(p) = 110 + 2*p + w*p - 6*p. Let k be n(0). What is the greatest common factor of 10 and k?
10
Suppose -166 = -4*n - 6. Let s be (-10086)/(-2050) - (12/(-50))/3. Calculate the highest common divisor of n and s.
5
Let l = -16 - -19. Suppose -l*p + 0*p = -9. Calculate the greatest common factor of 33 and p.
3
Let v = 3 + 36. Suppose 18 = 2*q - 2*r, 4*q = 2*r + v - 9. What is the highest common divisor of q and 18?
6
Let l = -26 + -16. Let v be 8/3*l/8. Let w be (-8)/v + 4880/35. Calculate the greatest common divisor of w and 35.
35
Let t = -490 + 710. Let h(y) = 3*y**2 - 6*y - 4. Let g be h(4). What is the highest common divisor of g and t?
20
Let r(f) = 16*f - 1. Let l be r(1). Let a(g) = 17*g + 35. Let t be a(5). Calculate the greatest common factor of t and l.
15
Let b(r) = r**3 + 11*r**2 - 20*r - 39. Let n be b(-12). What is the highest common divisor of n and 9?
3
Let y be (-231*(-2)/3)/1. Let s(q) = q**3 + 6*q**2 - 6*q + 1. Let c be s(-7). Let j be 33*(-2)/c*2. What is the highest common factor of j and y?
22
Let s = 26 + -14. What is the highest common divisor of 1284 and s?
12
Let s be (1 + -15 + -8)/((-3)/12). What is the highest common divisor of 11 and s?
11
Suppose -4*c = 5 - 61. Let k(y) = -9*y + 1. Let n be k(11). Let q = 14 - n. What is the greatest common divisor of c and q?
14
Suppose 0 = -3*r + 5*r - 10. Suppose 20 = p - q, -3*p + 49 - 5 = r*q. Let k be ((-80)/12)/((-2)/p). Calculate the highest common factor of 12 and k.
12
Let r(n) be the first derivative of -65*n**2 - 2. Let b be r(-1). Suppose b = 5*k + d - 86, 2*d = -k + 36. Calculate the highest common divisor of 11 and k.
11
Let r(y) = -y - 12. Let d be r(-6). Let f be (8/d + 2)*48. Let n = 2020 + -2016. Calculate the highest common divisor of f and n.
4
Suppose -3*z - 12 = -7*z, 165 = 3*u - 5*z. What is the greatest common factor of u and 300?
60
Suppose 858 = -15*n + 13*n. Let d = 682 + n. What is the highest common divisor of 23 and d?
23
Let t be (-18)/((-21)/616 - (1 - 1)). Calculate the greatest common factor of 33 and t.
33
Let d(m) = 4*m + 22 + m - 6*m. Let c be d(21). Calculate the highest common divisor of c and 1.
1
Suppose -10*o - 10127 = -51*o. What is the highest common factor of 76 and o?
19
Let v be (-35)/(-11) - 10/55. Suppose -5*q = -v*q - 2. Suppose -2*n + 4*k + q = -5*n, k + 9 = n. Calculate the highest common factor of 25 and n.
5
Let z(y) = 4*y**2 + 3*y + 11. Let o be z(-5). What is the highest common divisor of 36 and o?
12
Let i(z) = z**3 - 10*z**2 + 3*z. Let l be i(10). Let p be 4/(-2) - (6 - 4). Let g be ((-4)/(-8) + -3)*p. What is the highest common divisor of l and g?
10
Suppose -5*k = -q + 80, -452 = -0*q - 5*q - k. Suppose 3*y - 57 = -3. What is the greatest common divisor of y and q?
18
Suppose -60 = d - 3*d. Let f = -20 + d. What is the highest common factor of 70 and f?
10
Let g be (4/14)/(11/308). Calculate the greatest common factor of g and 232.
8
Let p be (23/5 + -5)*-230. What is the greatest common factor of p and 138?
46
Suppose 0 = -53*n + 52*n + 7. Let l = 87 - n. What is the highest common factor of l and 20?
20
Let h = -1097 - -1107. Suppose 49 + 281 = 3*g. Calculate the highest common divisor of h and g.
10
Let a be -1*(-4 + (0 - (-6 + -2))). Let u be (-6)/(48/(-820)) + 2/a. Calculate the highest common divisor of u and 6.
6
Let w be -1 - (-30)/(-5) - -10. Calculate the greatest common divisor of w and 96.
3
Suppose 0 = -5*p + p - 96. Let f = -26 - p. Let m be 0 - f - -30 - -4. Calculate the greatest common divisor of 72 and m.
36
Let m = -74 + 99. Let s = -23 - -33. What is the highest common divisor of s and m?
5
Let i be 4*(3/2 - 2). Let d be i/(-2) - -1*4. What is the greatest common divisor of 5 and d?
5
Let q = 297 - -27. Calculate the greatest common factor of q and 3.
3
Let u be (9/6)/((-4)/(-40)). What is the greatest common factor of 555 and u?
15
Suppose -6 = -2*t - 2*d + 4*d, 0 = d - 2. Suppose -t*l = -0*l - 80. Let c be (0 + (-48)/9)*24/(-4). Calculate the greatest common factor of c and l.
16
Suppose 0 = i + 11 - 218. Suppose 5*a = -0*a - 175. Let g = 58 + a. Calculate the greatest common factor of g and i.
23
Let u be (-1 - 3/(-9))*-3. Suppose 0 = u*i - 10, q + 2*i - 16 + 5 = 0. Let c = q - -2. What is the highest common factor of c and 6?
3
Let n be 6*(-2 - (-5 + -3)). Suppose 0 = -2*a + 18 + 18. Calculate the greatest common divisor of a and n.
18
Let d(i) = i**3 + 8*i**2 + 8*i + 4. Let s be d(-6). Let u = 18 + -23. Let w = u + 9. What is the greatest common factor of w and s?
4
Suppose 0 = -4*q - 119 + 19. Let x = 12 - q. Calculate the highest common factor of x and 37.
37
Suppose 0 = 4*d - 6*d + n - 151, 3*n = 9. Let c = 106 + d. What is the highest common divisor of 8 and c?
8
Let v(d) = 7*d**2 + 9*d + 1 - 9*d. Let q be v(1). Let w be (0 + -120)*q/(-12). What is the greatest common divisor of 10 and w?
10
Suppose 0 = -4*a + 2*d - 28, 0*a - 5*a = -2*d + 37. Let v = 11 + a. Suppose -v*x + 20 = -32. What is the greatest common divisor of 39 and x?
13
Suppose 2*a + 0*a = -3*s - 44, a - 4*s = 0. Let t be (a/20)/(4/(-30)). Calculate the greatest common divisor of t and 12.
6
Let y(x) = -65*x + 532. Let g be y(8). What is the greatest common divisor of 176 and g?
4
Let t = 28 - 25. Let s(o) = -o**2 + 7*o - 7. Let i be s(t). Suppose 0*b + 3*b = -c + 19, -29 = -c - i*b. What is the highest common divisor of c and 6?
2
Let m = 883 + -707. Calculate the greatest common divisor of 286 and m.
22
Suppose -2*j - 18 = -3*y, 4*y + 2*j - 41 = -j. Suppose o - 6 = y. Calculate the greatest common factor of 2 and o.
2
Suppose 4*h = -q + 32, -4*h + 70 = 2*q + 26. Calculate the highest common factor of 6 and q.
6
Suppose 0 = f - 3*b + 14 - 3, 5*f = 5*b - 5. Let y be (1 - 33/f)*-4. What is the greatest common factor of y and 116?
29
Suppose -4*u + f + 4*f = -460, -3*f = 3*u - 345. Suppose -3*i - 271 - 77 = -3*n, -n + 2*i = -u. What is the highest common factor of 78 and n?
39
Let t(i) = i**2 + 12*i + 2. Let g be t(-12). Suppose -4 = -2*h - g*v, -5*h + 3*h - 5*v = -4. Suppose q - h = 6. What is the greatest common divisor of 8 and q?
8
Let v(h) = -h**2 + 3*h - 1. Let b be v(3). Let a be ((-135)/(-20))/(b/(-4)). Let z be (90/1)/(-2)*9/(-15). What is the highest common factor of z and a?
27
Suppose 37*t - 332 = 33*t. What is the highest common divisor of t and 747?
83
Let w(v) be the second derivative of 9*v + 2*v**2 - 53/3*v**3 + 0. Let k be w(-2). What is the highest common divisor of k and 24?
24
Let l = 84 - 75. Let u(j) = 2*j - 4. Let p be u(4). Let f be 147/l - p/12. What is the greatest common divisor of 16 and f?
16
Suppose -84 = -13*o + 891. Calculate the greatest common divisor of o and 30.
15
Suppose 0 = 4*q - 8*q + 36. Let b = -2137 - -2164. What is the highest common factor of q and b?
9
Let s(c) = c**2 - 23*c + 48. Let r be s(22). Calculate the greatest common factor of r and 182.
26
Let t be -2 + 2 + 40/(-2). Let h = -16 - t. Suppose 5*o - 5 = -v, h*v + 3*o - 10 = 2*v. What is the greatest common factor of 50 and v?
5
Suppose -25 = -t - 4*t. Suppose -i - g = -2*g - 5, -5*i - 5*g = t. Suppose -2*u + 0*z = -z - 14, 4*z = 4*u - 32. What is the highest common factor of u and i?
2
Let i be 56 + 4 + 3/(12/(-16)). Calculate the greatest common divisor of i and 152.
8
Let w(a) = a**3 - 5*a**2 + 4*a - 3. Let n be w(5). Let m = -94 - -96. Suppose 4*o = -m*o + 714. Calculate the highest common divisor of o and n.
17
Suppose -2*f = 2*f - 8. Suppose b - 5*v = -f*b + 663, 4*b = 3*v + 873. What is the greatest common factor of 24 and b?
24
Let g = -30 - -26. Let r be ((g - 10) + 0)/(2/(-8)). What is the highest common divisor of 8 and r?
8
Suppose 2*j + 1 = 2*s + 5*j, -2*s - 2*j + 4 = 0. Let r be (s/15)/((-1)/(-6)). Suppose r*b = 105 - 25. Calculate the highest common divisor of b and 16.
8
Let r(z) = 33*z - 17. Let o be r(4). Suppose o = 5*m - 2*b, 4*b - 23 = -3*m + 20. What is the highest common factor of 21 and m?
21
Let b(j) = 5*j*